 s = g - z. What is the units digit of s?
8
Let p(h) = h**3 - 2*h**2 + 2*h - 3. Let i be p(2). Let d(t) be the third derivative of 4*t**5/5 + t**4/8 - t**3/3 - 233*t**2. What is the units digit of d(i)?
9
Suppose -3*o + 11*o - 6200 = 0. What is the units digit of o?
5
Let j(f) = -f**3 + 7*f**2 + 10*f - 12. Let t be j(7). Let q = 111 - t. What is the units digit of q?
3
Let t = -435 - -615. What is the units digit of t?
0
Let k(c) = -c**2 - 14*c + 1035. What is the units digit of k(0)?
5
Suppose -3*u - 3900 = -29*u. What is the tens digit of u?
5
Suppose -144*q = -139*q - 5*t - 7870, -4*q = t - 6291. What is the units digit of q?
3
Suppose -m = -2*m - 3*r + 18, -14 = -2*m + 5*r. Let g be m/(-16) + 478/8. Let n = g + -13. What is the tens digit of n?
4
Let u = 95 - 147. What is the tens digit of ((17/2)/(-1))/(2/u)?
2
Let g(n) be the first derivative of -n**3/3 - 11*n**2 + 15*n - 21. What is the units digit of g(-22)?
5
Suppose v + 2 = 0, 23 - 5 = 5*a + v. Suppose -2*t + 20 = 3*b, t = 4*b + 25 - a. What is the units digit of t?
3
Let f(s) = -s**3 - 8*s**2 + s + 11. Let h be f(-8). Suppose 2*a - 276 = -3*r, -711 = -5*a - 0*a + h*r. What is the tens digit of a?
4
Let h be 88/(-3)*18/12. Let a = h - -76. Suppose z + a = 5*z. What is the units digit of z?
8
Suppose -5*t = 3*y - 3*t - 814, -4*y = 4*t - 1084. What is the units digit of y?
2
Let w be 6/18 - ((-3117)/(-9) + 2). What is the tens digit of (7/(-14))/(1/w)?
7
What is the hundreds digit of 1858 + 18 + 14 + -3?
8
Let t = -501 + 676. What is the units digit of t?
5
Suppose -2 = 5*o - 22. Suppose -76 + 1317 = o*i + 3*j, -5*i - 5*j = -1555. What is the tens digit of i?
0
What is the hundreds digit of 45/(-75) + 7106/10?
7
Suppose -3*w - 4*n + 8 = 0, 6 = 7*w - 5*w + 3*n. Suppose -3*k = -w*k - 435. What is the tens digit of k?
4
Let w(f) = -8*f. Let u be w(-2). Let a = u + -16. Suppose -27 = -d - a*d. What is the tens digit of d?
2
Let x = 22 - 13. Let g = -16 + x. Let c = g - -9. What is the units digit of c?
2
Suppose -5*v + 6*v = 8. Suppose 0 = 3*k - v*k - 4*g + 36, 4*g - 24 = -2*k. Suppose -k*u + 1 + 3 = 0. What is the units digit of u?
1
Suppose 0 = 11*h - 2779 - 697. What is the tens digit of h?
1
Let f be (0/(-2))/(-4 + 3) + -23. Let p(q) = q**2 + 19*q - 4. What is the units digit of p(f)?
8
What is the hundreds digit of 17296/20 + ((-18)/10 - -2)?
8
Suppose -3*i + 21551 - 6291 = 5*w, 10172 = 2*i + 3*w. What is the thousands digit of i?
5
Let i(u) = -u**3 - 4*u**2 + 8*u + 17. Let v be i(-5). Suppose -v*o = w - 439, o - 202 = -5*w + w. What is the tens digit of o?
2
Suppose 5*a - 24 = -0*d - d, -4*d - 5*a + 66 = 0. Let y = 20 + d. Let o = y - 3. What is the tens digit of o?
3
Let n(k) = -k**3 - k. Let g be n(-2). Let i be -5 + -2 - g/(-5). What is the units digit of 11*(-1)/1*i?
5
Let f(h) = -h**3 + 11*h**2 + 10*h + 11. Let n be f(12). Let j(w) = -w - 7. Let r be j(n). Let v(i) = -i**3 + 8*i**2 - 9*i + 5. What is the units digit of v(r)?
3
Suppose 5*v + 2*s + s = 8, 0 = -2*v - 5*s - 12. Let n(l) = 5*l + 2*l**2 + 3*l**3 + 1 - 7*l**2 - l**3 - l**3. What is the units digit of n(v)?
5
Suppose 3 = -o, -53 = -v + 5*v + 3*o. Suppose -44 = 79*y - 83*y. Let s = y - v. What is the tens digit of s?
2
Let p(w) = -w**3 + 12*w**2 - 17*w + 13. What is the thousands digit of p(-8)?
1
Suppose 2*u - 3*h = 5796, 3*u - 6*h = -h + 8696. What is the thousands digit of u?
2
Let l = 1343 + -1217. What is the hundreds digit of l?
1
Suppose -2*q + 4299 = 5*p, 0 = -4*p + 2*q + q + 3430. What is the units digit of p?
9
Let u(r) = r**3 - 10*r**2 + 9*r. Let c be u(9). Suppose c*s + 88 = s. Suppose -s = -l - 2*l + 4*t, 8 = -2*t. What is the tens digit of l?
2
Suppose r - 166 = -5*p + 1250, -4*r + 2*p = -5708. What is the units digit of r?
6
Suppose 3*y = -p - 131, -2*y - p - 32 = 57. Suppose 2*d - 6*d = 52. Let z = d - y. What is the tens digit of z?
2
Let i(n) = -121*n. What is the tens digit of i(-3)?
6
Suppose 10 + 8 = 6*s. Let y(m) = m**2 + 6*m + 2. Let t be y(-6). Suppose -5*q + 235 = 5*b, t*b = -s*b - 15. What is the tens digit of q?
5
Let c be (-97)/4 + (-1)/(-4). Let t be (-2)/(-12) + (-1004)/c. Suppose 4*d + 2*y = -0*y + t, -d + 4*y = -15. What is the tens digit of d?
1
What is the thousands digit of (-4)/(-58) - (-3169922)/986?
3
Suppose -1700 - 742 = -2*w. What is the thousands digit of w?
1
Suppose 2*u - 12*u + 6760 = 0. What is the units digit of u?
6
Let u = 1109 + 1601. What is the thousands digit of u?
2
Let q be (-3 - -2)/((-1)/5). Suppose 0 = q*t - 8*t + 144. What is the units digit of t?
8
Suppose -2*j + 2*d - 6*d - 2 = 0, -5*d = -5*j + 25. Let u(p) = 80*p - 6. What is the tens digit of u(j)?
3
Suppose 4*r - 2*r - 2*a + 4 = 0, -3*a + 30 = 5*r. Suppose l = -r*l. Suppose l*t = -4*t + 52. What is the tens digit of t?
1
Suppose -4*l + 27 = -l - 3*z, l - 17 = 3*z. Suppose 4*k - 2*m = -4*m + 328, l*m = -3*k + 239. What is the tens digit of k?
8
What is the hundreds digit of (-2780)/(-4) + 6 + -3?
6
What is the tens digit of (-13460)/(-40) + (-6)/4?
3
Suppose -24*g + 5610 = -19*g. What is the hundreds digit of g?
1
Let i(d) = -d**3 - 8*d**2 - 2*d + 2. Let w be i(-8). What is the hundreds digit of 4735/45 + (-4)/w?
1
Let z = -3 + -25. Let s = -14 - z. What is the units digit of (-2)/s + (-1011)/(-21)?
8
Let r be ((-38)/10 - -5)*5. What is the units digit of (-126 + 15)/(r/(-8))?
8
Let h = -120 + 123. What is the hundreds digit of -3 + 175 - (1 - h - -2)?
1
Suppose -3*j + 233 + 55 = 0. Suppose 100*v - 384 = j*v. What is the units digit of v?
6
Let b be (1/(-4))/(4/(-224)*2). Suppose -b*o + 60 = -5*o. What is the units digit of o?
0
Suppose -3*x - 19 = -5*a, -2*a - 2*a + 12 = -4*x. Suppose 0 = -h + 4*b + 30, -66 = -4*h - 0*b - x*b. Let w = h + 7. What is the units digit of w?
5
Let s(i) be the second derivative of 7*i**3/6 + i**2 + i. Let g be s(5). Suppose 2*q + q - g = -w, 3*q + 29 = 2*w. What is the units digit of w?
2
Let s(m) = -13*m**2 - 73*m + 24. Let q be 3 + 1 - 1 - 1. Let z(w) = 3*w**2 + 18*w - 6. Let x(y) = q*s(y) + 9*z(y). What is the units digit of x(-20)?
4
Suppose -4*c - l + 17817 = 0, -19*c - 8925 = -21*c + 5*l. What is the hundreds digit of c?
4
Let k(w) = -6*w**2 - 5*w**2 + 10*w**2 - 7*w + 13. What is the units digit of k(-6)?
9
Suppose 2964 + 3132 = 6*q. What is the hundreds digit of q?
0
What is the units digit of (-2)/11 - 27204/(-66)?
2
Suppose 4*v = 2 + 6. What is the tens digit of (-5)/v*(-9 + 1)?
2
Suppose -2*d + 150 = -72. Suppose -3*l = -3*o + 387, o - d = -5*l - 0*l. Suppose -3*c + o = -60. What is the tens digit of c?
6
Suppose 0 = 2*r - 4*r. Suppose -7*q + 2*q + 25 = r. What is the units digit of q?
5
Let o = 489 + -74. What is the tens digit of o?
1
Suppose g + 13 = 50. Let u = g - -20. What is the units digit of u?
7
Let v = -4 - -7. Suppose -531 = -4*x - x - r, -v*r - 226 = -2*x. What is the units digit of x?
7
Let z(c) = c**3 + 26*c**2 + 47*c + 21. What is the units digit of z(-24)?
5
Suppose -130667 = -28*k - 13*k. What is the hundreds digit of k?
1
Let k be (20/5 - 6) + (0 - -195). Suppose 0 = -2*w - 5*r + k, -5*w + 331 = -w - r. What is the tens digit of w?
8
Let b = 35 + -38. Let k(p) = 3*p**3 - 2*p**2 - 6*p - 8. Let s(a) = -4*a**3 + 3*a**2 + 7*a + 9. Let o(u) = -3*k(u) - 2*s(u). What is the units digit of o(b)?
1
Let n be -7 - 8/(-2) - -283. Suppose 3*u = -s + 73, -u = -5*s + u + n. What is the tens digit of s?
5
Let s(i) be the first derivative of -i**3/3 - 5*i**2 + 11*i - 4. Let x be s(-9). What is the units digit of (-5)/15 - x/(-6)?
3
Suppose 47867 + 31368 = 53*f. What is the hundreds digit of f?
4
Suppose -3*m + 6 = -3. Suppose -3*s - 38 = -r, -5*s + 110 = m*r + 2*r. What is the units digit of r?
6
Let g be (-12 - (-4 + 2))/(-3 + 1). Suppose 156 + g = h. What is the tens digit of h?
6
Suppose 11*c + 40 = 16*c. What is the tens digit of (-19 + -3)*(-12)/c?
3
Let y(i) = -8*i**2 - 1 + 3*i**2 - i + 9*i**2. What is the units digit of y(-3)?
8
Let s(p) = 9*p + 12. Suppose -9*k - 4 = -10*k. Suppose -a + 18 = -k*f, 4*a + f = -f + 18. What is the tens digit of s(a)?
6
Let p(d) = 4*d**2 - 5*d + 2. Let z be p(-5). Let b = 30 + z. What is the units digit of b?
7
Let h = -107 - -132. What is the tens digit of h?
2
Let n(i) = i**3 + 15*i**2 + 4*i + 5. Let d(y) = 7*y - 56. Let v 